{"id":40262,"date":"2023-05-25T13:42:59","date_gmt":"2023-05-25T11:42:59","guid":{"rendered":"https:\/\/restauranterodas.es\/accesibilidad\/"},"modified":"2026-05-04T13:56:48","modified_gmt":"2026-05-04T11:56:48","slug":"accesibilidade","status":"publish","type":"page","link":"https:\/\/restauranterodas.es\/gl\/accesibilidade\/","title":{"rendered":"Accesibilidade"},"content":{"rendered":"<p>O noso compromiso \u00e9 facer accesible este sitio web, de conformidade co Real Decreto 1112\/2018, do 7 de setembro, sobre accesibilidade dos sitios web e aplicaci\u00f3ns para dispositivos m\u00f3biles do sector p\u00fablico.<\/p>\n<p><strong>SITUACI\u00d3N DE CUMPRIMENTO<\/strong><br \/>\nEste sitio web \u00e9 parcialmente conforme co RD 1112\/2018 debido \u00e1s excepci\u00f3ns e \u00e1 falta de conformidade dos aspectos que se indican no seguinte punto.<\/p>\n<p><strong>CONTIDO NON ACCESIBLE<\/strong><br \/>\nO contido que se recolle a continuaci\u00f3n poder\u00eda non ser accesible polo seguinte:<br \/>\nPoder\u00edan existir alg\u00fans aspectos de contraste que non cumpran os m\u00ednimos esixidos con respecto \u00e1s cores adxacentes do fondo.<br \/>\nPoder\u00edan existir alg\u00fans elementos non textuais non etiquetados correctamente.<br \/>\nOs buscadores buscan automaticamente sen necesidade de ordenar ningunha acci\u00f3n por parte do usuario.<br \/>\nPoder\u00edan existir alg\u00fans textos noutro idioma non etiquetados correctamente.<br \/>\nPoder\u00edan existir erros de c\u00f3digo puntuais de edici\u00f3n nalgunha p\u00e1xina web.<br \/>\nPoder\u00edan existir arquivos ofim\u00e1ticos en PDF ou outros formatos publicados que non cumpran na s\u00faa totalidade todos os requisitos de accesibilidade. A\u00ednda que se procurou que a maior\u00eda deles si os cumpran.<\/p>\n<p><strong>PREPARACI\u00d3N DA SEGUINTE DECLARACI\u00d3N DE ACCESIBILIDADE<\/strong><br \/>\nO m\u00e9todo empregado para preparar a declaraci\u00f3n foi unha autoavaliaci\u00f3n levada a cabo polo responsable do desenvolvemento web.<\/p>\n<p><strong>OBSERVACI\u00d3NS E DATOS DE CONTACTO<\/strong><br \/>\nPode realizar comunicaci\u00f3ns sobre requisitos de accesibilidade (artigo 10.2.a do RD 1112\/2018) como por exemplo:<br \/>\n\u2022 Informar sobre calquera posible incumprimento por parte deste sitio web<br \/>\n\u2022 Transmitir outras dificultades de acceso ao contido<br \/>\n\u2022 Formular calquera outra consulta ou suxesti\u00f3n de mellora relativa \u00e1 accesibilidade do sitio web<\/p>\n<p>Pode presentar:<br \/>\n\u2022 Queixa relativa ao cumprimento dos requisitos do RD 1112\/2018 ou<br \/>\n\u2022 Solicitude de informaci\u00f3n accesible relativa a:<br \/>\nContidos que est\u00e1n exclu\u00eddos do \u00e1mbito de aplicaci\u00f3n do RD 1112\/2018 segundo o establecido polo artigo 3, apartado 4<br \/>\nContidos que est\u00e1n exentos do cumprimento dos requisitos de accesibilidade por impo\u00f1er unha carga desproporcionada.<br \/>\nNa solicitude de informaci\u00f3n accesible, d\u00e9bense concretar con toda claridade os feitos, raz\u00f3ns e petici\u00f3n que permitan constatar que se trata dunha solicitude razoable e lex\u00edtima.<\/p>\n<p><strong>PROCEDEMENTO DE APLICACI\u00d3N<\/strong><br \/>\nSe, unha vez realizada unha solicitude de informaci\u00f3n accesible ou queixa, esta fose desestimada, non se estivese de acordo coa decisi\u00f3n adoptada ou a resposta non cumprise os requisitos contemplados no artigo 12.5, a persoa interesada poder\u00e1 iniciar unha reclamaci\u00f3n. Igualmente, poderase iniciar unha reclamaci\u00f3n no caso de que transcorrese o prazo de vinte d\u00edas h\u00e1biles sen obter resposta.<br \/>\nA reclamaci\u00f3n pode ser presentada a trav\u00e9s da Instancia Xen\u00e9rica da Sede electr\u00f3nica do Ministerio de Asuntos Econ\u00f3micos e Transformaci\u00f3n Dixital, as\u00ed como no resto de opci\u00f3ns recollidas na Lei 39\/2015, do 1 de outubro, do Procedemento Administrativo Com\u00fan das Administraci\u00f3ns P\u00fablicas. As reclamaci\u00f3ns ser\u00e1n recibidas e tratadas pola Subdirecci\u00f3n Xeral de Inspecci\u00f3n de Servizos do Ministerio.<\/p>\n<p><strong>CONTIDO OPCIONAL<\/strong><br \/>\nEste portal est\u00e1 dese\u00f1ado para poder cambiar o tama\u00f1o do texto e a cor, as\u00ed como o fondo da p\u00e1xina mediante as opci\u00f3ns de configuraci\u00f3n est\u00e1ndar dos navegadores.<br \/>\nSe desexa cambiar o tama\u00f1o da letra do texto nos principais navegadores gr\u00e1ficos, utilice os seguintes men\u00fas:<br \/>\n\u2022 Internet Explorer, Mozilla e Firefox: Ver &gt; Tama\u00f1o do texto<br \/>\n\u2022 Opera: Ver &gt; Zoom<br \/>\n\u2022 Safari: Ver &gt; Facer o texto m\u00e1is grande<br \/>\n\u2022 Chrome: Controla a p\u00e1xina actual &gt; Tama\u00f1o do texto<br \/>\n\u2022 Para modificar o tama\u00f1o de todo na p\u00e1xina:<br \/>\n\u2022 Ctrl + + para aumentalo<br \/>\n\u2022 Ctrl + \u2013 para diminu\u00edlo<br \/>\n\u2022 Ctrl + 0 restaura o tama\u00f1o orixinal do texto<br \/>\n\u2022 Se o que quere \u00e9 anular a folla de estilos ou modificar a cor do texto, pode consultar a p\u00e1xina How to Change Text Size or Colors da WAI, que se pode ler traducida ao espa\u00f1ol en Como cambiar o tama\u00f1o do texto ou as cores?<\/p>\n","protected":false},"excerpt":{"rendered":"<p>O noso compromiso \u00e9 facer accesible este sitio web, de conformidade co Real Decreto 1112\/2018, do 7 de setembro, sobre accesibilidade dos sitios web e aplicaci\u00f3ns para dispositivos m\u00f3biles do sector p\u00fablico. SITUACI\u00d3N DE CUMPRIMENTO Este sitio web \u00e9 parcialmente [&hellip;]<\/p>\n","protected":false},"author":1,"featured_media":0,"parent":0,"menu_order":0,"comment_status":"closed","ping_status":"closed","template":"","meta":{"footnotes":""},"class_list":["post-40262","page","type-page","status-publish","hentry"],"yoast_head":"<!-- This site is optimized with the Yoast SEO plugin v28.3 - https:\/\/yoast.com\/product\/yoast-seo-wordpress\/ -->\n<title>Accesibilidade - Restaurante Praia de Rodas, Illas C\u00edes<\/title>\n<meta name=\"robots\" content=\"index, follow, max-snippet:-1, max-image-preview:large, max-video-preview:-1\" \/>\n<link rel=\"canonical\" href=\"https:\/\/restauranterodas.es\/gl\/accesibilidade\/\" \/>\n<meta property=\"og:locale\" content=\"gl_ES\" \/>\n<meta property=\"og:type\" content=\"article\" \/>\n<meta property=\"og:title\" content=\"Accesibilidade - Restaurante Praia de Rodas, Illas C\u00edes\" \/>\n<meta property=\"og:description\" content=\"O noso compromiso \u00e9 facer accesible este sitio web, de conformidade co Real Decreto 1112\/2018, do 7 de setembro, sobre accesibilidade dos sitios web e aplicaci\u00f3ns para dispositivos m\u00f3biles do sector p\u00fablico. SITUACI\u00d3N DE CUMPRIMENTO Este sitio web \u00e9 parcialmente [&hellip;]\" \/>\n<meta property=\"og:url\" content=\"https:\/\/restauranterodas.es\/gl\/accesibilidade\/\" \/>\n<meta property=\"og:site_name\" content=\"Restaurante Praia de Rodas, Illas C\u00edes\" \/>\n<meta property=\"article:publisher\" content=\"https:\/\/www.facebook.com\/pg\/LaCandelaRestauranteVigo\/about\/\" \/>\n<meta property=\"article:modified_time\" content=\"2026-05-04T11:56:48+00:00\" \/>\n<meta name=\"twitter:card\" content=\"summary_large_image\" \/>\n<meta name=\"twitter:label1\" content=\"Est. reading time\" \/>\n\t<meta name=\"twitter:data1\" content=\"3 minutes\" \/>\n<script type=\"application\/ld+json\" class=\"yoast-schema-graph\">{\"@context\":\"https:\\\/\\\/schema.org\",\"@graph\":[{\"@type\":\"WebPage\",\"@id\":\"https:\\\/\\\/restauranterodas.es\\\/gl\\\/accesibilidade\\\/\",\"url\":\"https:\\\/\\\/restauranterodas.es\\\/gl\\\/accesibilidade\\\/\",\"name\":\"Accesibilidade - Restaurante Praia de Rodas, Illas C\u00edes\",\"isPartOf\":{\"@id\":\"https:\\\/\\\/restauranterodas.es\\\/gl\\\/#website\"},\"datePublished\":\"2023-05-25T11:42:59+00:00\",\"dateModified\":\"2026-05-04T11:56:48+00:00\",\"breadcrumb\":{\"@id\":\"https:\\\/\\\/restauranterodas.es\\\/gl\\\/accesibilidade\\\/#breadcrumb\"},\"inLanguage\":\"gl-ES\",\"potentialAction\":[{\"@type\":\"ReadAction\",\"target\":[\"https:\\\/\\\/restauranterodas.es\\\/gl\\\/accesibilidade\\\/\"]}]},{\"@type\":\"BreadcrumbList\",\"@id\":\"https:\\\/\\\/restauranterodas.es\\\/gl\\\/accesibilidade\\\/#breadcrumb\",\"itemListElement\":[{\"@type\":\"ListItem\",\"position\":1,\"name\":\"Portada\",\"item\":\"https:\\\/\\\/restauranterodas.es\\\/gl\\\/\"},{\"@type\":\"ListItem\",\"position\":2,\"name\":\"Accesibilidade\"}]},{\"@type\":\"WebSite\",\"@id\":\"https:\\\/\\\/restauranterodas.es\\\/gl\\\/#website\",\"url\":\"https:\\\/\\\/restauranterodas.es\\\/gl\\\/\",\"name\":\"Cocina Fusi\u00f3n Vigo - Restaurante Candela\",\"description\":\"\",\"publisher\":{\"@id\":\"https:\\\/\\\/restauranterodas.es\\\/gl\\\/#organization\"},\"potentialAction\":[{\"@type\":\"SearchAction\",\"target\":{\"@type\":\"EntryPoint\",\"urlTemplate\":\"https:\\\/\\\/restauranterodas.es\\\/gl\\\/?s={search_term_string}\"},\"query-input\":{\"@type\":\"PropertyValueSpecification\",\"valueRequired\":true,\"valueName\":\"search_term_string\"}}],\"inLanguage\":\"gl-ES\"},{\"@type\":\"Organization\",\"@id\":\"https:\\\/\\\/restauranterodas.es\\\/gl\\\/#organization\",\"name\":\"La Candela Cocina Fusi\u00f3n\",\"url\":\"https:\\\/\\\/restauranterodas.es\\\/gl\\\/\",\"logo\":{\"@type\":\"ImageObject\",\"inLanguage\":\"gl-ES\",\"@id\":\"https:\\\/\\\/restauranterodas.es\\\/gl\\\/#\\\/schema\\\/logo\\\/image\\\/\",\"url\":\"https:\\\/\\\/restauranterodas.es\\\/wp-content\\\/uploads\\\/2019\\\/07\\\/logo-fixed.png\",\"contentUrl\":\"https:\\\/\\\/restauranterodas.es\\\/wp-content\\\/uploads\\\/2019\\\/07\\\/logo-fixed.png\",\"width\":99,\"height\":32,\"caption\":\"La Candela Cocina Fusi\u00f3n\"},\"image\":{\"@id\":\"https:\\\/\\\/restauranterodas.es\\\/gl\\\/#\\\/schema\\\/logo\\\/image\\\/\"},\"sameAs\":[\"https:\\\/\\\/www.facebook.com\\\/pg\\\/LaCandelaRestauranteVigo\\\/about\\\/\"]}]}<\/script>\n<!-- \/ Yoast SEO plugin. -->","yoast_head_json":{"title":"Accesibilidade - Restaurante Praia de Rodas, Illas C\u00edes","robots":{"index":"index","follow":"follow","max-snippet":"max-snippet:-1","max-image-preview":"max-image-preview:large","max-video-preview":"max-video-preview:-1"},"canonical":"https:\/\/restauranterodas.es\/gl\/accesibilidade\/","og_locale":"gl_ES","og_type":"article","og_title":"Accesibilidade - Restaurante Praia de Rodas, Illas C\u00edes","og_description":"O noso compromiso \u00e9 facer accesible este sitio web, de conformidade co Real Decreto 1112\/2018, do 7 de setembro, sobre accesibilidade dos sitios web e aplicaci\u00f3ns para dispositivos m\u00f3biles do sector p\u00fablico. SITUACI\u00d3N DE CUMPRIMENTO Este sitio web \u00e9 parcialmente [&hellip;]","og_url":"https:\/\/restauranterodas.es\/gl\/accesibilidade\/","og_site_name":"Restaurante Praia de Rodas, Illas C\u00edes","article_publisher":"https:\/\/www.facebook.com\/pg\/LaCandelaRestauranteVigo\/about\/","article_modified_time":"2026-05-04T11:56:48+00:00","twitter_card":"summary_large_image","twitter_misc":{"Est. reading time":"3 minutes"},"schema":{"@context":"https:\/\/schema.org","@graph":[{"@type":"WebPage","@id":"https:\/\/restauranterodas.es\/gl\/accesibilidade\/","url":"https:\/\/restauranterodas.es\/gl\/accesibilidade\/","name":"Accesibilidade - Restaurante Praia de Rodas, Illas C\u00edes","isPartOf":{"@id":"https:\/\/restauranterodas.es\/gl\/#website"},"datePublished":"2023-05-25T11:42:59+00:00","dateModified":"2026-05-04T11:56:48+00:00","breadcrumb":{"@id":"https:\/\/restauranterodas.es\/gl\/accesibilidade\/#breadcrumb"},"inLanguage":"gl-ES","potentialAction":[{"@type":"ReadAction","target":["https:\/\/restauranterodas.es\/gl\/accesibilidade\/"]}]},{"@type":"BreadcrumbList","@id":"https:\/\/restauranterodas.es\/gl\/accesibilidade\/#breadcrumb","itemListElement":[{"@type":"ListItem","position":1,"name":"Portada","item":"https:\/\/restauranterodas.es\/gl\/"},{"@type":"ListItem","position":2,"name":"Accesibilidade"}]},{"@type":"WebSite","@id":"https:\/\/restauranterodas.es\/gl\/#website","url":"https:\/\/restauranterodas.es\/gl\/","name":"Cocina Fusi\u00f3n Vigo - Restaurante Candela","description":"","publisher":{"@id":"https:\/\/restauranterodas.es\/gl\/#organization"},"potentialAction":[{"@type":"SearchAction","target":{"@type":"EntryPoint","urlTemplate":"https:\/\/restauranterodas.es\/gl\/?s={search_term_string}"},"query-input":{"@type":"PropertyValueSpecification","valueRequired":true,"valueName":"search_term_string"}}],"inLanguage":"gl-ES"},{"@type":"Organization","@id":"https:\/\/restauranterodas.es\/gl\/#organization","name":"La Candela Cocina Fusi\u00f3n","url":"https:\/\/restauranterodas.es\/gl\/","logo":{"@type":"ImageObject","inLanguage":"gl-ES","@id":"https:\/\/restauranterodas.es\/gl\/#\/schema\/logo\/image\/","url":"https:\/\/restauranterodas.es\/wp-content\/uploads\/2019\/07\/logo-fixed.png","contentUrl":"https:\/\/restauranterodas.es\/wp-content\/uploads\/2019\/07\/logo-fixed.png","width":99,"height":32,"caption":"La Candela Cocina Fusi\u00f3n"},"image":{"@id":"https:\/\/restauranterodas.es\/gl\/#\/schema\/logo\/image\/"},"sameAs":["https:\/\/www.facebook.com\/pg\/LaCandelaRestauranteVigo\/about\/"]}]}},"_links":{"self":[{"href":"https:\/\/restauranterodas.es\/gl\/wp-json\/wp\/v2\/pages\/40262","targetHints":{"allow":["GET"]}}],"collection":[{"href":"https:\/\/restauranterodas.es\/gl\/wp-json\/wp\/v2\/pages"}],"about":[{"href":"https:\/\/restauranterodas.es\/gl\/wp-json\/wp\/v2\/types\/page"}],"author":[{"embeddable":true,"href":"https:\/\/restauranterodas.es\/gl\/wp-json\/wp\/v2\/users\/1"}],"replies":[{"embeddable":true,"href":"https:\/\/restauranterodas.es\/gl\/wp-json\/wp\/v2\/comments?post=40262"}],"version-history":[{"count":2,"href":"https:\/\/restauranterodas.es\/gl\/wp-json\/wp\/v2\/pages\/40262\/revisions"}],"predecessor-version":[{"id":40271,"href":"https:\/\/restauranterodas.es\/gl\/wp-json\/wp\/v2\/pages\/40262\/revisions\/40271"}],"wp:attachment":[{"href":"https:\/\/restauranterodas.es\/gl\/wp-json\/wp\/v2\/media?parent=40262"}],"curies":[{"name":"wp","href":"https:\/\/api.w.org\/{rel}","templated":true}]}}

<p>O noso compromiso é facer accesible este sitio web, de conformidade co Real Decreto 1112/2018, do 7 de setembro, sobre accesibilidade dos sitios web e aplicacións para dispositivos móbiles do sector público.</p>
<p><strong>SITUACIÓN DE CUMPRIMENTO</strong><br />
Este sitio web é parcialmente conforme co RD 1112/2018 debido ás excepcións e á falta de conformidade dos aspectos que se indican no seguinte punto.</p>
<p><strong>CONTIDO NON ACCESIBLE</strong><br />
O contido que se recolle a continuación podería non ser accesible polo seguinte:<br />
Poderían existir algúns aspectos de contraste que non cumpran os mínimos esixidos con respecto ás cores adxacentes do fondo.<br />
Poderían existir algúns elementos non textuais non etiquetados correctamente.<br />
Os buscadores buscan automaticamente sen necesidade de ordenar ningunha acción por parte do usuario.<br />
Poderían existir algúns textos noutro idioma non etiquetados correctamente.<br />
Poderían existir erros de código puntuais de edición nalgunha páxina web.<br />
Poderían existir arquivos ofimáticos en PDF ou outros formatos publicados que non cumpran na súa totalidade todos os requisitos de accesibilidade. Aínda que se procurou que a maioría deles si os cumpran.</p>
<p><strong>PREPARACIÓN DA SEGUINTE DECLARACIÓN DE ACCESIBILIDADE</strong><br />
O método empregado para preparar a declaración foi unha autoavaliación levada a cabo polo responsable do desenvolvemento web.</p>
<p><strong>OBSERVACIÓNS E DATOS DE CONTACTO</strong><br />
Pode realizar comunicacións sobre requisitos de accesibilidade (artigo 10.2.a do RD 1112/2018) como por exemplo:<br />
• Informar sobre calquera posible incumprimento por parte deste sitio web<br />
• Transmitir outras dificultades de acceso ao contido<br />
• Formular calquera outra consulta ou suxestión de mellora relativa á accesibilidade do sitio web</p>
<p>Pode presentar:<br />
• Queixa relativa ao cumprimento dos requisitos do RD 1112/2018 ou<br />
• Solicitude de información accesible relativa a:<br />
Contidos que están excluídos do ámbito de aplicación do RD 1112/2018 segundo o establecido polo artigo 3, apartado 4<br />
Contidos que están exentos do cumprimento dos requisitos de accesibilidade por impoñer unha carga desproporcionada.<br />
Na solicitude de información accesible, débense concretar con toda claridade os feitos, razóns e petición que permitan constatar que se trata dunha solicitude razoable e lexítima.</p>
<p><strong>PROCEDEMENTO DE APLICACIÓN</strong><br />
Se, unha vez realizada unha solicitude de información accesible ou queixa, esta fose desestimada, non se estivese de acordo coa decisión adoptada ou a resposta non cumprise os requisitos contemplados no artigo 12.5, a persoa interesada poderá iniciar unha reclamación. Igualmente, poderase iniciar unha reclamación no caso de que transcorrese o prazo de vinte días hábiles sen obter resposta.<br />
A reclamación pode ser presentada a través da Instancia Xenérica da Sede electrónica do Ministerio de Asuntos Económicos e Transformación Dixital, así como no resto de opcións recollidas na Lei 39/2015, do 1 de outubro, do Procedemento Administrativo Común das Administracións Públicas. As reclamacións serán recibidas e tratadas pola Subdirección Xeral de Inspección de Servizos do Ministerio.</p>
<p><strong>CONTIDO OPCIONAL</strong><br />
Este portal está deseñado para poder cambiar o tamaño do texto e a cor, así como o fondo da páxina mediante as opcións de configuración estándar dos navegadores.<br />
Se desexa cambiar o tamaño da letra do texto nos principais navegadores gráficos, utilice os seguintes menús:<br />
• Internet Explorer, Mozilla e Firefox: Ver &gt; Tamaño do texto<br />
• Opera: Ver &gt; Zoom<br />
• Safari: Ver &gt; Facer o texto máis grande<br />
• Chrome: Controla a páxina actual &gt; Tamaño do texto<br />
• Para modificar o tamaño de todo na páxina:<br />
• Ctrl + + para aumentalo<br />
• Ctrl + – para diminuílo<br />
• Ctrl + 0 restaura o tamaño orixinal do texto<br />
• Se o que quere é anular a folla de estilos ou modificar a cor do texto, pode consultar a páxina How to Change Text Size or Colors da WAI, que se pode ler traducida ao español en Como cambiar o tamaño do texto ou as cores?</p>

<p>O noso compromiso é facer accesible este sitio web, de conformidade co Real Decreto 1112/2018, do 7 de setembro, sobre accesibilidade dos sitios web e aplicacións para dispositivos móbiles do sector público. SITUACIÓN DE CUMPRIMENTO Este sitio web é parcialmente [&hellip;]</p>

<!-- This site is optimized with the Yoast SEO plugin v28.3 - https://yoast.com/product/yoast-seo-wordpress/ -->
<title>Accesibilidade - Restaurante Praia de Rodas, Illas Cíes</title>
<meta name="robots" content="index, follow, max-snippet:-1, max-image-preview:large, max-video-preview:-1" />
<link rel="canonical" href="https://restauranterodas.es/gl/accesibilidade/" />
<meta property="og:locale" content="gl_ES" />
<meta property="og:type" content="article" />
<meta property="og:title" content="Accesibilidade - Restaurante Praia de Rodas, Illas Cíes" />
<meta property="og:description" content="O noso compromiso é facer accesible este sitio web, de conformidade co Real Decreto 1112/2018, do 7 de setembro, sobre accesibilidade dos sitios web e aplicacións para dispositivos móbiles do sector público. SITUACIÓN DE CUMPRIMENTO Este sitio web é parcialmente [&hellip;]" />
<meta property="og:url" content="https://restauranterodas.es/gl/accesibilidade/" />
<meta property="og:site_name" content="Restaurante Praia de Rodas, Illas Cíes" />
<meta property="article:publisher" content="https://www.facebook.com/pg/LaCandelaRestauranteVigo/about/" />
<meta property="article:modified_time" content="2026-05-04T11:56:48+00:00" />
<meta name="twitter:card" content="summary_large_image" />
<meta name="twitter:label1" content="Est. reading time" />
	<meta name="twitter:data1" content="3 minutes" />
<script type="application/ld+json" class="yoast-schema-graph">{"@context":"https:\/\/schema.org","@graph":[{"@type":"WebPage","@id":"https:\/\/restauranterodas.es\/gl\/accesibilidade\/","url":"https:\/\/restauranterodas.es\/gl\/accesibilidade\/","name":"Accesibilidade - Restaurante Praia de Rodas, Illas Cíes","isPartOf":{"@id":"https:\/\/restauranterodas.es\/gl\/#website"},"datePublished":"2023-05-25T11:42:59+00:00","dateModified":"2026-05-04T11:56:48+00:00","breadcrumb":{"@id":"https:\/\/restauranterodas.es\/gl\/accesibilidade\/#breadcrumb"},"inLanguage":"gl-ES","potentialAction":[{"@type":"ReadAction","target":["https:\/\/restauranterodas.es\/gl\/accesibilidade\/"]}]},{"@type":"BreadcrumbList","@id":"https:\/\/restauranterodas.es\/gl\/accesibilidade\/#breadcrumb","itemListElement":[{"@type":"ListItem","position":1,"name":"Portada","item":"https:\/\/restauranterodas.es\/gl\/"},{"@type":"ListItem","position":2,"name":"Accesibilidade"}]},{"@type":"WebSite","@id":"https:\/\/restauranterodas.es\/gl\/#website","url":"https:\/\/restauranterodas.es\/gl\/","name":"Cocina Fusión Vigo - Restaurante Candela","description":"","publisher":{"@id":"https:\/\/restauranterodas.es\/gl\/#organization"},"potentialAction":[{"@type":"SearchAction","target":{"@type":"EntryPoint","urlTemplate":"https:\/\/restauranterodas.es\/gl\/?s={search_term_string}"},"query-input":{"@type":"PropertyValueSpecification","valueRequired":true,"valueName":"search_term_string"}}],"inLanguage":"gl-ES"},{"@type":"Organization","@id":"https:\/\/restauranterodas.es\/gl\/#organization","name":"La Candela Cocina Fusión","url":"https:\/\/restauranterodas.es\/gl\/","logo":{"@type":"ImageObject","inLanguage":"gl-ES","@id":"https:\/\/restauranterodas.es\/gl\/#\/schema\/logo\/image\/","url":"https:\/\/restauranterodas.es\/wp-content\/uploads\/2019\/07\/logo-fixed.png","contentUrl":"https:\/\/restauranterodas.es\/wp-content\/uploads\/2019\/07\/logo-fixed.png","width":99,"height":32,"caption":"La Candela Cocina Fusión"},"image":{"@id":"https:\/\/restauranterodas.es\/gl\/#\/schema\/logo\/image\/"},"sameAs":["https:\/\/www.facebook.com\/pg\/LaCandelaRestauranteVigo\/about\/"]}]}</script>
<!-- / Yoast SEO plugin. -->

Accesibilidade - Restaurante Praia de Rodas, Illas Cíes

O noso compromiso é facer accesible este sitio web, de conformidade co Real Decreto 1112/2018, do 7 de setembro, sobre accesibilidade dos sitios web e aplicacións para dispositivos móbiles do sector público. SITUACIÓN DE CUMPRIMENTO Este sitio web é parcialmente [&hellip;]

Restaurante Praia de Rodas, Illas Cíes

Cocina Fusión Vigo - Restaurante Candela

La Candela Cocina Fusión
